late the highest common factor of 15 and 75.
15
Calculate the greatest common divisor of 51 and 17.
17
Calculate the highest common divisor of 8 and 1.
1
Calculate the greatest common divisor of 1337 and 14.
7
What is the highest common factor of 11 and 11?
11
Calculate the greatest common divisor of 468 and 104.
52
What is the highest common factor of 45 and 20?
5
What is the highest common divisor of 62 and 4?
2
Calculate the highest common factor of 56 and 84.
28
Calculate the highest common factor of 114 and 6954.
114
What is the greatest common divisor of 4675 and 17?
17
What is the greatest common divisor of 66 and 22?
22
Calculate the greatest common divisor of 1292 and 52.
4
What is the highest common factor of 6783 and 1596?
399
Calculate the highest common divisor of 77 and 99.
11
Calculate the highest common factor of 204 and 714.
102
Calculate the greatest common divisor of 608 and 1748.
76
Calculate the highest common divisor of 86 and 9331.
43
Calculate the highest common factor of 7 and 245.
7
What is the greatest common divisor of 4 and 2396?
4
What is the highest common divisor of 728 and 442?
26
What is the greatest common divisor of 234 and 19773?
117
Calculate the highest common divisor of 272 and 2703.
17
What is the greatest common divisor of 2 and 2?
2
What is the highest common factor of 39 and 1677?
39
What is the highest common factor of 640 and 5?
5
What is the highest common divisor of 2164 and 4?
4
Calculate the highest common divisor of 3 and 49.
1
What is the greatest common divisor of 828 and 36?
36
What is the greatest common factor of 19 and 893?
19
Calculate the highest common factor of 391 and 230.
23
Calculate the highest common factor of 44 and 3113.
11
Calculate the greatest common factor of 90 and 150.
30
Calculate the greatest common factor of 43 and 32852.
43
What is the greatest common factor of 1416 and 216?
24
Calculate the greatest common divisor of 5 and 3385.
5
Calculate the greatest common factor of 28 and 472.
4
Calculate the greatest common divisor of 16042 and 13.
13
What is the greatest common divisor of 66 and 2640?
66
Calculate the greatest common divisor of 1557 and 63.
9
What is the greatest common divisor of 115 and 8809?
23
Calculate the greatest common factor of 280 and 160.
40
What is the greatest common factor of 263 and 2?
1
What is the highest common divisor of 18 and 891?
9
What is the highest common factor of 12 and 24?
12
What is the highest common divisor of 637 and 208?
13
Calculate the greatest common divisor of 900 and 5625.
225
Calculate the greatest common divisor of 1353 and 697.
41
Calculate the highest common divisor of 351 and 135.
27
What is the highest common factor of 1001 and 77?
77
Calculate the highest common factor of 117381 and 11.
11
Calculate the greatest common divisor of 81 and 81.
81
Calculate the highest common factor of 18 and 54.
18
What is the greatest common divisor of 189 and 105?
21
Calculate the highest common factor of 966 and 168.
42
What is the greatest common factor of 128 and 6848?
64
Calculate the highest common divisor of 189 and 14049.
63
Calculate the highest common divisor of 196 and 2842.
98
Calculate the highest common factor of 3 and 2.
1
Calculate the highest common factor of 1853 and 17.
17
Calculate the greatest common divisor of 6566 and 196.
98
Calculate the highest common factor of 896 and 56.
56
What is the highest common factor of 20 and 7060?
20
What is the highest common factor of 12339 and 54?
27
Calculate the greatest common factor of 56 and 91.
7
Calculate the highest common factor of 1811 and 3.
1
What is the greatest common factor of 9 and 2592?
9
Calculate the greatest common divisor of 378 and 14.
14
What is the highest common divisor of 1102 and 40?
2
What is the highest common divisor of 14 and 31934?
14
What is the greatest common divisor of 364 and 39?
13
Calculate the greatest common factor of 1610 and 70.
70
Calculate the greatest common divisor of 182 and 78.
26
Calculate the greatest common factor of 170 and 272.
34
Calculate the highest common factor of 910 and 40.
10
Calculate the greatest common divisor of 13776 and 35.
7
What is the highest common divisor of 6685 and 455?
35
What is the highest common factor of 153 and 4148?
17
Calculate the greatest common divisor of 62 and 899.
31
Calculate the highest common factor of 459 and 9.
9
Calculate the highest common factor of 8415 and 17.
17
Calculate the greatest common factor of 12 and 48.
12
What is the highest common factor of 260 and 1482?
26
What is the highest common factor of 116 and 8?
4
What is the greatest common divisor of 136 and 901?
17
What is the highest common divisor of 5609 and 158?
79
What is the greatest common divisor of 57 and 95?
19
What is the greatest common factor of 32 and 3?
1
What is the highest common divisor of 1242 and 1173?
69
Calculate the greatest common factor of 15725 and 170.
85
What is the highest common factor of 75 and 8025?
75
Calculate the greatest common factor of 21 and 21.
21
Calculate the greatest common factor of 1085 and 124.
31
What is the greatest common divisor of 572 and 4433?
143
Calculate the greatest common factor of 214 and 56282.
214
Calculate the greatest common divisor of 225 and 60.
15
What is the greatest common factor of 768 and 168?
24
Calculate the highest common factor of 83 and 1079.
83
Calculate the greatest common factor of 40 and 6860.
20
What is the greatest common divisor of 791 and 4520?
113
What is the highest common factor of 54 and 96?
6
Calculate the greatest common factor of 6 and 318.
6
Calculate the highest common factor of 391 and 2873.
17
What is the greatest common divisor of 1403 and 161?
23
Calculate the greatest common divisor of 279 and 1550.
31
What is the greatest common divisor of 1070 and 30?
10
What is the greatest common factor of 290 and 406?
58
Calculate the highest common divisor of 207 and 2116.
23
What is the greatest common divisor of 18 and 1458?
18
What is the greatest common divisor of 43751 and 134?
67
What is the greatest common factor of 85 and 595?
85
Calculate the highest common factor of 9009 and 297.
99
Calculate the highest common factor of 19885 and 615.
205
What is the highest common factor of 75 and 195?
15
Calculate the highest common factor of 1008 and 3472.
112
Calculate the highest common factor of 32 and 304.
16
What is the greatest common divisor of 14 and 58?
2
What is the highest common factor of 552 and 120?
24
What is the greatest common divisor of 1819 and 428?
107
Calculate the greatest common divisor of 6 and 2082.
6
What is the highest common divisor of 444 and 481?
37
Calculate the highest common factor of 312 and 10764.
156
What is the highest common factor of 100 and 10?
10
What is the greatest common divisor of 2240 and 20?
20
What is the greatest common factor of 6240 and 26?
26
Calculate the highest common divisor of 12 and 33.
3
What is the greatest common factor of 94 and 14758?
94
What is the highest common divisor of 1320 and 10?
10
What is the highest common factor of 1023 and 528?
33
Calculate the greatest common divisor of 840 and 10248.
168
What is the greatest common factor of 15 and 15915?
15
Calculate the greatest common divisor of 224 and 196.
28
Calculate the highest common divisor of 540 and 900.
180
What is the greatest common divisor of 104 and 65?
13
Calculate the greatest common divisor of 1147 and 31.
31
What is the highest common factor of 737 and 1139?
67
What is the greatest common factor of 880 and 8?
8
What is the greatest common factor of 36 and 20?
4
Calculate the highest common factor of 732 and 2989.
61
What is the greatest common factor of 486 and 1242?
54
Calculate the highest common factor of 135 and 585.
45
Calculate the greatest common divisor of 7 and 287.
7
Calculate the highest common divisor of 637 and 147.
49
Calculate the greatest common divisor of 165 and 528.
33
What is the highest common divisor of 18 and 774?
18
Calculate the highest common factor of 310 and 20.
10
Calculate the highest common divisor of 7 and 224.
7
What is the greatest common divisor of 18 and 450?
18
What is the highest common divisor of 104 and 117?
13
What is the greatest common factor of 7035 and 245?
35
What